q - 788967 = -2*v. Is q a composite number?
True
Let w = 818392 + -538295. Is w a composite number?
False
Let s(v) = 312*v + 253. Let i = 148 + -141. Is s(i) a prime number?
True
Suppose -4*n + 2251732 = -4*l, 27*n - 28*n + 562903 = 4*l. Is n prime?
False
Suppose -5*k = -4*w + 499677, -5*w - 55*k + 59*k + 624594 = 0. Is w prime?
False
Let m(r) = -r**3 + 26*r**2 + 24*r - 20. Let a(j) = j**3 - 4*j**2 - 9*j + 1. Let h be a(6). Is m(h) prime?
True
Suppose 34*i - 5128656 - 22984 = 2517978. Is i composite?
True
Is (-1690)/8*-78 - (3 - (-20)/(-8)) prime?
True
Is 85211 - (-4 + 10 + -22) a prime number?
False
Let s = -42 + 48112. Suppose -9*c = 6481 - s. Is c a prime number?
True
Suppose 0 = -2*q - 2*q + 12, -z + 5*q = 12. Is (-2324)/z*(-60)/8 - -5 a composite number?
True
Suppose 34745 = 6*g - 21787. Suppose -19*f + 5*f + g = 0. Is f prime?
True
Suppose -380*j + 384*j = -4*q + 109804, 0 = -5*j + 10. Is q composite?
False
Suppose 0 = -10*o + 6*o - 5*b + 431424, b = 4. Is o a prime number?
False
Is ((-259106)/(-3))/((58/(-145))/(3/(-5))) composite?
False
Let p be (-19 + 7)/(4/(-718)). Let m be p/(-7) - 34/119. Let t = m + 1695. Is t composite?
True
Suppose 0 = -4*j - 2*v + 15746, 4366 = 4*j - 4*v - 11362. Suppose -4*n + 2*s + 3130 = 0, 3*n + j = 8*n + 2*s. Is n a composite number?
True
Suppose 19 = 4*v + y, -2*y = -2*v + y - 1. Suppose 5*q - 9539 = k, -1895 = -v*q + 3*q - 3*k. Is q composite?
False
Let p = -29 - -34. Let a = -3 + p. Suppose -a*j + x + 249 = 0, -9*x = -3*j - 7*x + 371. Is j prime?
True
Let n be 45/3*(-210)/(-45). Suppose -n*k + 59*k + 52613 = 0. Is k composite?
False
Let p(a) = 4143*a**3 + 3*a**2 - 10*a + 14. Let v be p(2). Let t = v + -8989. Is t a prime number?
False
Let c(d) = -d - 6. Let y be c(-4). Let a be (6 - 2 - 0) + y. Suppose 139 = a*h - 159. Is h prime?
True
Suppose 1085 = 4*n - 1099. Let g be (-154)/7 - (-4 - -1)/(-1). Let k = n + g. Is k a composite number?
False
Suppose -2*w - y = -9, 0 = w + 4*y - 1. Let c be 1 + (-3 - 0) + w. Suppose 1075 = c*i + 5*m, 0*i = i + 5*m - 365. Is i composite?
True
Suppose 1199*x - 1231*x - 14343110 = -35071590. Is x a prime number?
False
Let v(d) be the third derivative of d**5/60 - d**4/24 - 4*d**3 - 7*d**2. Let m be v(-17). Let w = -61 + m. Is w a composite number?
True
Suppose -45*z - 5*p - 3120223 = -47*z, 2*p = -3*z + 4680363. Is z a composite number?
True
Let l = -164 + 201. Suppose 12*m - l*m + 178025 = 0. Is m a prime number?
True
Let b = -41418 + 16209. Let z = -11464 - b. Is z a prime number?
False
Let f(d) = 6*d**2 - 2*d**3 + 0*d**3 + 0*d**3 - 1. Suppose 7*h = 11*h - 6*m + 58, -20 = -4*m. Is f(h) a prime number?
False
Let f(x) = -293*x - 221. Let j(l) = 298*l + 223. Let r(d) = 3*f(d) + 4*j(d). Is r(24) prime?
True
Suppose 14641*g - 15488915 = 14576*g. Is g composite?
False
Let t(j) = j**3 + 28*j**2 - 134*j. Let s be t(-32). Suppose -118651 = -s*z + 179*z. Is z a prime number?
True
Suppose 4*v = -y - 4*y - 156, 5*y + 157 = -3*v. Let a(c) = -43*c - 103. Is a(y) a composite number?
True
Suppose 0 = 4*y - g + 24 + 20, 3*y + 2*g + 33 = 0. Let c(s) = -11*s + 12. Let p be c(y). Suppose u = p - 27. Is u a prime number?
False
Let m(o) = 5*o**2 + 58*o - 65. Is m(-62) prime?
True
Let z be (-6)/5*(-2)/8*10. Suppose -5*g = -3*n + 3207 + 12792, -n + 5333 = -z*g. Is n a prime number?
True
Let s be (-25)/5*1 + 3. Let f be (-4)/18 - (-40)/18. Is 1*-1 - (f + s - 714) a prime number?
False
Let f(w) = -3*w + 20. Let i be f(23). Let c = i - -51. Is (30/4)/(1/c) a prime number?
False
Suppose -4*t - 36 = -13*t. Is t/((-48)/6)*-5218 prime?
True
Let v(x) = 24*x**3 + 12*x**2 - 10*x - 5. Let d be v(10). Suppose d + 9669 = 6*j. Is j/6*2 + 31/(-93) a composite number?
False
Suppose -192487 + 676714 = 23*s - 328616. Is s a composite number?
True
Suppose -4*t + 14 = -4*i + t, -i + 2*t - 2 = 0. Let n be (-24399)/6*i/9. Suppose r = 3*o + 2695, -r + 10*o + n = 11*o. Is r a composite number?
False
Suppose -5*w + 5 = 0, 22505 = 4*x + 5*w - 8*w. Is x composite?
True
Let v(w) = 159*w**2 + 10*w + 51. Let i be v(11). Let x = 40941 - i. Is x a prime number?
False
Suppose 31464 = 8*m + 10*m. Let z = m - 1243. Is z composite?
True
Let j = 58129 - -30282. Is j composite?
False
Let u be (65/15 + -3)*18. Let c(n) = 225*n + 227. Is c(u) composite?
True
Let b = -38 + 42. Suppose -b + 19 = l. Suppose 5*u - 429 = -j + 158, -5*j - l = 0. Is u a prime number?
False
Suppose 15*z - 1182939 = 582216. Is z prime?
False
Let r = -120866 - -231087. Is r a composite number?
False
Suppose -5*p = -4*y + 837339, -3*p + 14 = -1. Is y composite?
True
Let a(i) = 113*i**3 - 46*i**3 - 60*i**3 + 7*i + 25 - 32*i**2. Is a(22) a composite number?
True
Suppose 4*b + 2*g - 3108848 = 0, -4781773 = -5*b + 4*g - 895752. Is b composite?
False
Suppose -148 = 14*o - 554. Let a = o - -393. Is a prime?
False
Suppose 2404*w - 1196*w - 739207 = 1201*w. Is w a prime number?
True
Let g be (-1 - 0) + 10/(6/3). Suppose -4*r + 1752 = g*v, 2*r = 5*r - 3. Is v composite?
True
Suppose -4*a - 2*v + 1079418 = 320736, 0 = -5*a - 4*v + 948351. Is a a prime number?
True
Suppose -6*q + q + 4*h = -97, 5*q + 4*h - 113 = 0. Suppose q*k = 16*k + 23215. Is k a composite number?
False
Is (16/512*8 - (-10)/(-8)) + 533234 a prime number?
False
Let q(i) = -2*i**3 - 48*i**2 - 26*i + 135. Is q(-31) a prime number?
False
Suppose 3*g + 3*y = -2049, -3*g = y + 2531 - 474. Let m = g + 2084. Is m prime?
False
Let x(t) = -98*t + 204. Let y be x(14). Let w be 38655/21 - (-4)/14. Let i = w + y. Is i composite?
False
Suppose -b + 179958 = -3*v - 2*v, 4*b = -5*v + 719957. Is b composite?
True
Let j be 26/4 - (-27)/(-18). Suppose -4*g - 512 = -4*z - 2*g, -j*z + g = -637. Is z a composite number?
False
Let l(z) = -235*z + 419953. Is l(0) prime?
True
Let k = 5249 - -10355. Let y = 32727 - k. Is y prime?
True
Let y = 15142 - 8911. Let m = 17432 - y. Is m prime?
False
Suppose -3*f = -4*f - 20. Is (f + -2)*326/(-4) a composite number?
True
Suppose -2*k - 1263129 = -5*j + 1442514, -5*j - 2*k = -2705647. Is j a prime number?
True
Let y(j) = j + 22. Suppose 3*l - l = 0. Let g be y(l). Is 4/g - (-2604)/77 composite?
True
Let d(t) = -197*t**3 - 3*t**2 + 9*t - 17. Let r be d(3). Let s = 7629 - r. Is s prime?
False
Is (-248043017)/(-329) + 15/(-7) + 3 a prime number?
True
Suppose 4*d + 5*y = -42162 + 660724, 4*d - 5*y = 618502. Is d composite?
True
Suppose 253201 = u + u + 82607. Is u composite?
False
Suppose 79658 = 12*n - 77386. Is n a composite number?
True
Suppose 0 = -5*g - 5*l - 4775, 1399 = -3*g + 2*l - 1471. Let c = g + 1379. Suppose -4*k - c = -n - 4*n, 3*n - 258 = k. Is n composite?
True
Suppose 4*s - 3*l = 511219, -1 = -l + 2. Is s prime?
True
Suppose 3*n = y + 7, 3*y = -n + y + 14. Is n/30 + (-256)/120 - -4255 a prime number?
True
Let m be 4/10 + (-208)/(-5). Let o = -40 + m. Suppose -o*l + 301 = -961. Is l prime?
True
Let x = -746 + 1361. Let c = 1348 - x. Suppose -o = 3*k - 356, 5*o - k - c = 3*o. Is o a prime number?
False
Suppose -210*p + 182*p = -21818972. Is p a prime number?
True
Suppose -3*m = -m - 4. Suppose -21*v + 24 = -33*v. Is 259/m*(v + (2 - -2)) a prime number?
False
Suppose -146*t - 42048 = -130*t. Let j = -337 - t. Is j composite?
True
Let z be 4/(-18) - 215/45. Let r(b) = -b**3 - 5*b**2 - 2*b - 3. Let x be r(z). Suppose 0 = x*m - 1493 + 520. Is m prime?
True
Let k be -7136 - ((-24)/6 - -4). Is (5/(-4))/(8/k) composite?
True
Suppose 462 = 6*z - 5*z - 3*c, -4*z = 3*c - 1773. Suppose z = 4*i - 5197. Is i composite?
True
Suppose 309381 = 2*i - 133*y + 132*y, -464073 = -3*i + 2*y. Is i a composite number?
True
Suppose -3*l + 39942 = -l. Suppose 5*z - d = 6803 + l, 3*z - d = 16066. Is z a composite number?
True
Suppose -f = 5*a - 1046, 3*a - 3*f - 222 = 2*a. Suppose -2*h = -4*s + a, 280 = 5*s + 8*h - 7*h. Is s prime?
False
Suppose 0 = -p + 3, k + 4*p = 9*p - 13. Is -254*k/3*(-36)/48 a composite number?
False
Is 28385 - (-15)/((-405)/18)*-3 prime?
True
Suppose 4*i + 40 = 9*i + 2*u, -2*i = -u - 16. Let q be 35/10*(5 + -3). Suppose i*r = q*r + 119. Is r a prime number?
False
Suppose 2*b = -4*m - 58610 + 1578592, -3*b - m + 2279928 = 0. Is b composite?
False
Let p = 58 + -61. Let k(a) = 118*a**2 + 11*a + 40. Is k(p) composite?
False
Let v = -2048 - -365. Let k = 3506 + v. Is k prime?
Tr